= 10 + a. Is r prime?
False
Let q be -2*5*(-1)/2. Suppose -5*b - 44 = -3*a + 51, -q*b - 55 = 5*a. Let l = b - -35. Is l composite?
False
Let t = -693 + 1192. Is t prime?
True
Suppose 4*b + m + 2*m = 20, -5*b - m + 14 = 0. Suppose -o = b*o - 2757. Is o prime?
True
Let u(x) = -105*x + 38. Is u(-5) a composite number?
False
Suppose 0 = j + 3, 2*a + 0*j + 4*j + 214 = 0. Let i = -70 - a. Is i composite?
False
Suppose 0 = -4*w - 20, -2*x + 3*w + 90 = 3*x. Is x a prime number?
False
Suppose 5*w + 4*l - 4 = 0, -3*w - 2*l + 4 = -0*l. Suppose -z = 3*z - w. Let d(v) = 9*v**2 + 1. Is d(z) a composite number?
True
Suppose 3*z + 428 = 3*o - 511, o - 301 = 4*z. Is o a composite number?
False
Let n(w) = -3*w + 0*w**3 + 3*w - w**3 + 4 - 3*w**2 - 3*w. Is n(-3) a composite number?
False
Let x(w) = w**3 + 19*w**2 - 31*w + 32. Is x(-15) a prime number?
False
Suppose 7 - 1 = 2*q. Let c be (-1)/(-4) - 1/4. Suppose 147 + c = q*z. Is z a prime number?
False
Let a(x) = x**2 + 5*x - 3. Let l be a(-6). Suppose -2*h = -l*h + 89. Is h a prime number?
True
Let k = 9 + -3. Is k a prime number?
False
Let s(u) = 39*u**2 + 3*u - 1. Is s(4) prime?
False
Let h = -43 + 98. Is h prime?
False
Let k = -54 - -77. Is k a composite number?
False
Let r = 646 + -327. Is r a prime number?
False
Let w(t) = -84*t - 7. Is w(-2) a prime number?
False
Let u(j) = 27*j - 10. Suppose -m - 10 = -17. Is u(m) a composite number?
False
Let h(q) = -419*q + 1. Is h(-2) a prime number?
True
Let d(m) = 88*m + 1. Is d(1) prime?
True
Let u = -4 + 9. Suppose 2*z = 5*i - 11 - 10, u*i - 29 = -2*z. Suppose 0 = 4*h - z*h - 194. Is h a prime number?
True
Suppose -3*w + 4*w - 5*m = 13, 5*w - 2*m = 19. Suppose -4*k + y + y + 2538 = 0, 4*k - w*y - 2537 = 0. Is k a composite number?
True
Is (1/4)/((-4)/(-26192)) prime?
True
Let l be -8*(4 + -17 + -1). Suppose 266 = 4*n - g, g + l = 5*n - 221. Is n a composite number?
False
Let u be 0 - 9/(-1) - 1. Suppose 0 = -s - 3*s - 4*b + u, 0 = 2*s - 4*b - 34. Is s a composite number?
False
Suppose -x + 132 = -275. Is x composite?
True
Let m be (15/9)/(2/6). Suppose -4*a + m = 1. Is (-9 - a)/(6 - 7) composite?
True
Let t be 3 + -4 + 2 + 1. Suppose 0 = -3*d - t*z - 6, 0*d + 4*d = 2*z - 8. Let q(k) = -15*k + 1. Is q(d) composite?
False
Suppose -4*b + 6*b = 6. Suppose -4*w - 4*l + 248 = 0, l + b = 2*l. Is w a composite number?
False
Let n(g) = -12*g - 2. Let o be n(-12). Let c = 56 - 117. Let q = o - c. Is q composite?
True
Let k(o) = 119*o**2 + o - 7. Is k(-3) composite?
False
Let o = -11304 + 16215. Is o composite?
True
Let w(u) = -26*u - 3. Suppose m - 4*p = -7, -p + 2*p = 5*m + 35. Is w(m) prime?
True
Let k = -1693 + 986. Let y = -1013 - k. Let g = 449 + y. Is g a prime number?
False
Let v be -2 + -179*(-2)/2. Suppose -4*h = -h - v. Is h composite?
False
Let h = 740 - 387. Is h prime?
True
Suppose -3 = -5*x + 3*y, 3*x + 3*y - 29 = -2*y. Suppose x*q - 3*v = -4*v + 551, -5*q = -4*v - 924. Is q + (-1)/(-2)*2 a composite number?
True
Let s = -272 + 481. Let r = -118 + s. Is r composite?
True
Let a(x) = -x**3 + 8*x**2 + 2*x + 10. Let w be a(7). Let r = w - 39. Is r a composite number?
True
Suppose 22 = 3*y - 8. Suppose 328 = -y*x + 5*x - 2*q, 4*x = 2*q - 266. Let r = -43 - x. Is r a composite number?
False
Let y(f) = f - 1. Let z be y(3). Suppose -2*c = 3*c + 3*m + 24, z*c = 2*m. Let n(v) = -v**3 - v**2 + v. Is n(c) a composite number?
True
Let m(f) = 32*f**2 - 4*f - 3. Is m(4) a composite number?
True
Let z(o) = o**3 + 3*o**2 - 5*o - 1. Let b be z(-4). Suppose b*d - 285 = 5*i - 1325, 4*i - 819 = 5*d. Is i a composite number?
False
Suppose -4*d + d + 233 = 5*w, -2*d + 5*w = -122. Let c = d - 36. Is c composite?
True
Suppose -5*a - 3*v + 23 = 0, -2 = 3*a - 4*v - 10. Is (a/(-12))/((-1)/1413) a composite number?
True
Let o = 6 + -2. Let u(n) = -3*n**3 - 3*n**2 + 3 + o*n**3 + 0*n**3 - 6*n. Is u(5) composite?
False
Suppose 5*i - 12599 = -3*r + 1298, 5*i - 13893 = -2*r. Is i prime?
True
Is (3/6)/(3/2334) prime?
True
Suppose 3*t - 1031 = -4*o + 636, -9 = 3*t. Is o prime?
True
Let s(z) = -67*z**2 - z - 1. Let w be -6*1/6*2. Let r be s(w). Let a = r - -452. Is a prime?
False
Suppose -2*h - 4*g - 4 = -28, 0 = h - 3*g + 8. Is h/(-2)*(-95)/10 a prime number?
True
Suppose 5*x - 2*t - 953 = 1386, 3*t = 2*x - 929. Is x a composite number?
True
Let s = 0 + 1. Let z(i) = 6*i**2 - i + 1. Let r be z(s). Suppose -2*p + r*p = 232. Is p prime?
False
Let y be 4/(-6) + 16/24. Suppose 5*u = -4*k + 1579, y*u + 941 = 3*u + 4*k. Is u composite?
True
Suppose -5*z + 730 = 5*u - 0*u, 3*z + 5*u = 446. Is z prime?
False
Let p(b) = 4*b**2 - b. Let f be p(1). Suppose -3*n - 7 = 5. Is f/((-6)/n) - -35 a composite number?
False
Let p(q) = 2*q**2 - 3*q. Let a be p(2). Suppose -a*b - 35 = -7*b. Is b composite?
False
Let x(l) be the third derivative of -l**6/120 - l**5/20 + 5*l**4/24 + l**3/6 - l**2. Suppose 4*b + 3 = -17. Is x(b) composite?
True
Let t = 5095 - 1760. Suppose 3*h = t + 355. Let f = h + -439. Is f a composite number?
True
Let k = -20 + 55. Is k composite?
True
Let h be (-5)/(10/896) - -2. Let z = h - -648. Let i = z + -137. Is i prime?
False
Let j(s) = 13*s**3 - 7*s**2 + 3*s - 26. Is j(7) prime?
True
Suppose 0 = -2*b + 3*b - 53. Is b a prime number?
True
Suppose 9*c = 5*c + 372. Is c a prime number?
False
Let t = 106 + -36. Let w = t + 93. Is w a composite number?
False
Suppose -4*o = -7*o + 6. Suppose -2665 = -3*w - o*g, 2*g = 2*w + 4*g - 1778. Is w a composite number?
False
Suppose 7*a - 1644 = a. Is a composite?
True
Let d(a) = -a - 7. Let v be d(-7). Suppose -4*i - 60 = -v*i. Is 7/((-3)/i*1) a prime number?
False
Is 614/(2*4/4) a composite number?
False
Let k = 7 - 1. Let l be 1506/1*3/k. Suppose 28 = -5*c + l. Is c a composite number?
True
Let k be (-6 + 3 - -2) + 3. Suppose 4 = 2*p + 2*o + 26, k*p = 4*o - 22. Let v(h) = -h**2 - 14*h + 6. Is v(p) a prime number?
False
Let k(u) = 3*u**3 - 4*u**2 + 3. Let h be k(3). Let z = -26 + h. Is z a composite number?
True
Suppose -3*t = 4*m - 481, -2*t + 0*m + m = -317. Is t composite?
True
Is (398/(-4))/(1/(-2)) a composite number?
False
Suppose 3*k + 2*k = 10. Let a(w) = -11*w**3 - 3*w - 9. Let s(b) = -b**3 - b - 1. Let l(t) = -a(t) + 6*s(t). Is l(k) a prime number?
True
Let o(p) = 5*p**2 + 21*p - 47. Is o(-18) prime?
False
Let h(l) = l**2 + 9*l + 1. Is h(9) a composite number?
False
Let w = 4 - 4. Suppose 5*d - 4*o - 4 = 0, w = -4*o + o + 12. Suppose k - 50 = -d*k. Is k composite?
True
Let o(g) = -g**3 - 4*g**2 + 5*g - 7. Let l(i) = -6*i**2. Let w = 3 + -4. Let y be l(w). Is o(y) composite?
True
Let o(q) = 5*q**2. Let f be o(-1). Suppose -f*d - 15 = -0*d, -2*z + d + 7 = 0. Suppose -81 = -z*c + 233. Is c prime?
True
Let m(t) = -17*t + 7. Let z be m(-4). Let o = -52 + z. Is o composite?
False
Let d(x) = x**3 + 13*x**2 - 10*x - 3. Let t be d(-14). Let v = 274 + t. Is v a prime number?
False
Suppose 2*n - 2*v - 4345 = -1547, v + 6991 = 5*n. Let d = -729 + n. Suppose 3*a + 234 = d. Is a composite?
True
Let r = 4580 + -2517. Is r a composite number?
False
Let u be (-19 + 2/1)/(-1). Suppose 3*v - 232 = u. Is v a prime number?
True
Let n(h) = 3*h - 1. Let q be n(1). Suppose 0 = q*j - 3*v - 210 + 4, 5*v - 10 = 0. Is j a prime number?
False
Suppose -3*g - m + 2 + 0 = 0, 2*m + 10 = g. Suppose 0 = l - 4*l + s + 358, 3*l - g*s - 359 = 0. Is l a composite number?
True
Let n be (2 - -2) + -3 - 11. Is (-4)/n - 1113/(-5) a composite number?
False
Suppose -1428 = 2*j - 3*a, 46 = -j + 4*a - 673. Is -2*(j/(-6))/(-3) composite?
False
Suppose -5*v = 2*u - 16, -v + 2*u + 12 = v. Suppose -3*h = -v*q - 36, h + 0*q = -3*q - 1. Suppose -4*g = -h*g + 380. Is g composite?
True
Let f(o) = -o**3 + o**2 - 12. Let z be f(0). Let s = z + 45. Is s prime?
False
Suppose 3*h = 2*h - 3. Is -4 - h - 160/(-2) composite?
False
Let x(w) = 3*w - 2. Let n be x(-2). Let h(p) = 2*p**2 + 3*p + 2. Let u be h(n). Suppose -u = -4*b + 2*b. Is b a composite number?
False
Suppose 4*y = -2*y + 10806. Is y prime?
True
Suppose -j = -3*j - z - 37, 3*j - 5*z = -49. Let x be (6/(-4))/(j/(-24)). Is 3/x*106/(-3) composite?
False
Suppose 0*k - 5*k + 60 = 0. Let d be k/(-10)*(-10)/4. Suppose n + d*f = 5*f + 45, -3*n = -2*f - 131. Is n prime?
True
Let u(f) = -48*f + 1. Let w be u(-2). Let c = w - 42. Is c prime?
False
S